 - i**2 + 6*i - 14. Let k(t) = n*j(t) - u(t). Suppose -5*l = -3 - 27. Calculate k(l).
8
Let o = -3 + 5. Suppose -o*h + 12 = -5*h. Let w(k) = 5*k + 3 - 10 - 4*k**3 + 5*k**2 + 5*k**3 + 4. What is w(h)?
-7
Let l(q) be the first derivative of -q**4/4 + 4*q**3/3 - q**2 - 4*q + 17. Calculate l(3).
-1
Let k = 0 + 2. Suppose -3*p + 2*v = -4*p, -3*p = -k*v - 8. Let i(h) = 0*h - 2*h - 4*h**2 - 1 + p. Calculate i(1).
-5
Let t = -5 - -8. Suppose 5*w = -4*q + 9 + 13, 4*w + 1 = t*q. Let v(a) = a + 3*a - 5*a. What is v(q)?
-3
Let s be 5/((-10)/(-4)) + -4. Let k(o) be the first derivative of o**2 + 3*o + 1. Determine k(s).
-1
Let z(f) = 4*f - 1. Let n be z(1). Let y(d) = -n + 2 - 1 - d + 3*d. Let t be y(3). Let v(c) = -c**2 + 5*c - 6. Give v(t).
-2
Let o(n) be the first derivative of -1/2*n**2 + 2/3*n**3 - n + 1. Let t = 2 + -4. Determine o(t).
9
Let u(i) = 14. Let x(m) = -5. Let v(b) = -4*u(b) - 11*x(b). Let j(d) = -d**2 - 2*d + 13. Let h(z) = -j(z) - 6*v(z). Determine h(-5).
8
Let y(v) = -4*v**3 - v**2 + v + 1. Let c(b) = -3*b + 17. Let w be c(6). Calculate y(w).
3
Let f(q) = -1. Let w(v) = v - 12. Let c(x) = 22*f(x) - 2*w(x). Give c(2).
-2
Let y(v) = v**3 - v**2. Let p = -10 - -16. Suppose p = 2*s + s. Let n be 6/4 - s/4. Calculate y(n).
0
Suppose 2*j + 3*j = 10. Let o(c) = -5*c - 2*c - c**2 + 2*c + j. Suppose -5 = 4*s - 3*s. Determine o(s).
2
Let s(p) = 2*p - 6. Let k(j) = 3*j - 9. Let g(n) = 5*k(n) - 7*s(n). Calculate g(4).
1
Let i(c) = 5*c - 1. Let r(h) = 3*h**3 - h**2 + h. Let k be r(1). Let b(w) = -w**2 + 4*w - 2. Let n be b(k). What is i(n)?
4
Suppose -6*z + 10*z = 0. Let q(j) = j**2 - j - 6. Determine q(z).
-6
Let j(r) be the second derivative of r**6/144 - 5*r**4/12 + 5*r. Let m(s) be the third derivative of j(s). What is m(1)?
5
Let w(m) = m**2 - 3*m. Let z be w(4). Let l(y) = -3 + y**2 - 2*y + z - y. Suppose -a + k - 13 = -2*k, -5*k = -5*a - 15. Give l(a).
-1
Let g = 15 + -13. Let a(x) = -g*x**3 + 6*x - 7*x + 4*x**3. Suppose -5*o + u = 1 - 0, 0 = o - 5*u - 19. What is a(o)?
-1
Let k(v) = 2*v + 28. Let s(l) = 3*l + 42. Let x(z) = 7*k(z) - 5*s(z). Calculate x(-6).
-8
Let d(v) = 4*v**3 + v**2 - 2*v**3 - 4*v**2 - 1 + v. Let t be (-1)/((-5)/(-3) + -2). Let j be 1*(3 - t/3). Calculate d(j).
5
Let d(w) = -1 + 2*w + 2*w + 3. Let k(b) = -4*b**3 + 2*b**2 + b - 2. Let o be k(1). Calculate d(o).
-10
Let l(d) = d**2 + 6*d + 8. Let p(q) = -q - 1. Let f(v) = -l(v) - 5*p(v). Suppose 0 = -18*c + 5*c - 39. Determine f(c).
-9
Suppose 5*a + 10 + 17 = q, 4*a = -20. Let u(h) = -5 + 3*h - h**2 + 1 + 1. Calculate u(q).
-1
Let t(c) = -c**2 - 3*c + 3. Suppose -5*g + 4 = 19. What is t(g)?
3
Let c(y) = -y - 10. Let t = 8 - 13. Determine c(t).
-5
Suppose 16 = 6*g - 8. Let w = -12 + 18. Let k(b) = -w + 2 - 4*b**3 + 3*b**3 - 2*b + 5*b**2. What is k(g)?
4
Let z(v) = -v**3 + 2*v**2 + 2*v + 1. Let b be z(-1). Let c(f) be the second derivative of 0 + 2*f**2 - b*f + 7/6*f**3 + 1/12*f**4. Calculate c(-5).
-6
Suppose f - 5*z = -15, 0*z - 8 = -2*z. Suppose -16 = -f*w + 39. Suppose -7*v + w = -2*l - 2*v, -3*v = l - 11. Let k(s) = 6*s - 3. What is k(l)?
9
Let c(o) = -5*o + 2. Let u = -12 - -10. Give c(u).
12
Let t(a) = a**3 + 0*a - 3*a**2 + 0*a - 5*a. Let f be (-2)/5 - (-88)/20. Give t(f).
-4
Let y be ((-4)/6)/((-8)/(-84)). Let r(c) = 3*c**2 + c - 1. Let i(p) = 5*p**2 + 2*p - 2. Let b(h) = y*r(h) + 4*i(h). Give b(0).
-1
Let t(h) = -h + 12. Let a be (-104)/(-10) - ((-30)/(-25))/(-2). What is t(a)?
1
Let d(q) be the first derivative of -q**3/3 + 3*q - 1. What is d(-3)?
-6
Let k(x) = x**2 + x + 4. Let w be (5 + 0)/(-15)*(0 - 0). Give k(w).
4
Let c(r) = 2*r. Suppose n + 1 = -0. Let b be (6/21)/(n/(-7)). Calculate c(b).
4
Let j be 6/15 + (-24)/(-15). Let t(m) = -5 + 6*m - j - m + 4. Give t(2).
7
Let w(r) = r**2 + 4*r + 5. Suppose 2*d - 12 = -0*d. Suppose 4*c - 4*y - 10 = -c, 5*y = 0. Let g = c - d. What is w(g)?
5
Let d(m) = -m**2 + 4. Let a be d(3). Let p(h) = -h - 8. Let s be p(-13). Let r(n) = 5*n + 7*n - 11*n + s. Calculate r(a).
0
Let y(a) = -a**3 + 6*a**2 + a - 6. Let b(h) = -2*h - 8. Let p(r) = -1. Let g(v) = -b(v) + 6*p(v). Let k be g(2). What is y(k)?
0
Suppose -4*z - 3 = 5. Let h(v) = -1 + v + 3 + 3*v. What is h(z)?
-6
Let u be (1 + (-1)/5)*(5 + 0). Let l(f) be the first derivative of u + 1/4*f**4 + 4*f + 4/3*f**3 + 3/2*f**2. Determine l(-4).
-8
Suppose -5*r + 16 = 4*m + 50, 0 = 5*r - 3*m + 27. Let k(h) = -h**2 - 7*h - 5. Give k(r).
1
Let g(m) = m**2 + 4*m + 2. Let d be g(-3). Let k(c) = -c**3 - 1. Give k(d).
0
Let m be (-12)/4 - (0 + -4). Let x(o) = -3*o**2 - m + 2*o**2 + 0*o**2 + 6*o. Give x(6).
-1
Let d(g) = -4*g**2 + 2*g - 3. Let x(s) be the third derivative of -s**5/60 - s**4/24 + s**2. Let f(t) = -d(t) + 3*x(t). Calculate f(4).
-1
Let d(w) be the second derivative of -w**3/2 + w**2 + 6*w. Determine d(4).
-10
Suppose 5*n = 2*o + 37 - 4, 3*o - 13 = -5*n. Let b(f) be the first derivative of -f**3/3 - 3*f**2/2 - 7. Determine b(o).
-4
Let i(g) = -g**3 + 5*g + 7*g**2 + 3 - 6 - 4*g**2. Calculate i(3).
12
Let t(h) = h**2 + 1. Let l(f) = 2*f**2 + 3. Let v(u) = 2*l(u) - 5*t(u). Calculate v(3).
-8
Let h(s) = s**2 + 1. Let f(b) = 4*b**2 - 3*b. Let c(x) = -16*x**2 + 11*x. Let o(a) = 2*c(a) + 9*f(a). Let i(j) = 5*h(j) - o(j). Calculate i(-5).
5
Let k = -3 + 3. Let b(l) = -l - 15. Determine b(k).
-15
Let a(i) = -3*i - 2. Let h be a(-1). Let y(n) = 7*n**2 + n - 4. Let l(s) = -s**2 + 1. Let m(p) = -4*l(p) - y(p). What is m(h)?
-4
Let b(f) = 4*f + 3*f - 8*f + 2*f. Calculate b(1).
1
Let d(j) be the first derivative of -j**3/3 - 3*j**2 + 5*j + 7. Determine d(-6).
5
Let y be ((-1)/(-1) - -4)*1. Suppose 4 = -y*n + 39. Let v(f) = f**2 - 7*f + 1. Determine v(n).
1
Let t(a) = a + 0*a + 2*a**2 + 4*a**2 + a**3. Let q(s) = -s**2 + 9*s - 26. Let c be q(4). What is t(c)?
-6
Suppose 2*f = 2*a, 4*f + a - 2*a + 15 = 0. Let u = 0 + f. Let h(m) = -m**3 - 4*m**2 + 5*m - 4. Give h(u).
-4
Let x(b) = 0 - 3 - b - 3. Let h be x(0). Let t(c) = -c**2 - 5*c. Give t(h).
-6
Let v(a) = -14*a + 1. Let u be (-5)/(-3) - 0 - (-10)/(-15). Calculate v(u).
-13
Let n(d) = -d**3 + 4*d**2 - 3*d. Suppose h - 9 = -j, 2*j = 2*h + 7*j - 12. Suppose 2*m - 2*x - h = -3*x, 25 = 5*x. Give n(m).
0
Let o(v) be the second derivative of -1/2*v**2 - 1/20*v**5 + v + 0 - 1/6*v**4 + 0*v**3. What is o(-3)?
8
Let c(v) be the third derivative of -v**5/60 - v**4/6 + v**3/3 + v**2. Let z = 43 + -38. Let l = z - 11. What is c(l)?
-10
Let a(c) be the first derivative of c**2/2 - 8*c - 1. What is a(4)?
-4
Suppose y - 10 = -4*y. Suppose 0 = -4*n + 5*s + 81, y*s - 12 = -5*n + 81. Suppose 0 = -2*a - 7 + n. Let d(j) = j - 1. Calculate d(a).
5
Suppose 5*y + 1 = 2*i, i - 6*y + 2*y = -1. Suppose 33 = -3*k - 0*l - 5*l, 0 = i*k + 3*l + 27. Let m(n) = -n**2 - 5*n + 2. Give m(k).
-4
Suppose 2*t - 8 = -4. Let i(g) = -g**t + g + 7 - 3 - 4*g - g. Calculate i(-3).
7
Let o(f) = -f. Let z(r) = 7*r**2 + 2*r + 1. Let t(v) = 4*o(v) + z(v). Let l(b) = b + 1. Let c be l(-4). Let g = -2 - c. Determine t(g).
6
Suppose 0 = -l - 4*g, -g - 4*g = 0. Let z(u) = 3*u**2 - 8*u - 11. Let a(q) = 2*q**2 - 5*q - 7. Let p(b) = -8*a(b) + 5*z(b). Give p(l).
1
Suppose -3*o + 5*k + 11 = -1, -k + 4 = o. Suppose o*n + m + 0 + 5 = 0, -3*n + 1 = -4*m. Let a(h) = 1 - 2 - 3*h**3 - 2*h + 2*h**3 - h**2. What is a(n)?
1
Let x(t) be the first derivative of -5*t**4/2 - t**3/3 + t + 20. What is x(1)?
-10
Let k be (0 + 3 - 4)*-2. Suppose 3*b = -s - 3, -3*s = -0*s + 3*b - 3. Let q(l) = -6 - l - l**k + 3*l - s*l. Determine q(0).
-6
Let b = -8 + 13. Let x(m) = 0*m - 2*m + 3*m - 5. What is x(b)?
0
Let d(n) = -10 + 2*n - 15 + 8. Let p(u) = -5 + 0*u - 3 + u. Let t(x) = -4*d(x) + 9*p(x). What is t(3)?
-1
Suppose 2*j - 13 = 15. Let i = j + -7. Suppose 1 = -3*n + i. Let h(w) = -2*w**2 + 2*w. What is h(n)?
-4
Let d(m) be the third derivative of -m**6/120 + m**5/12 - m**3/2 + m**2. Let n(o) = -6*o - 25. Let y be n(-5). What is d(y)?
-3
Let u be 6/36 + (0 - 1) + 1. Let f(t) be the third derivative of 0 - u*t**3 - 3*t**2 - 1/120*t**6 - 1/60*t**5 - 1/12*t**4 + 0*t. Calculate f(-1).
1
Let c(s) = 9*s + 2. Let l(y) = -y. Let r(n) = -c(n) - 6*l(n). Determine r(-3).
7
Let x(w) = 40*w - 15*w - 17*w - 17*w. Give x(1).
-9
Let b(r) = 3*r**2 - 20*r + 16. Let j(m) = -m**2 + 7*m - 5. Let h(w) = 6*b(w) + 17*j(w). Calculate h(0).
